{"id":50,"date":"2024-07-29T20:50:02","date_gmt":"2024-07-29T17:50:02","guid":{"rendered":"https:\/\/simadates.com\/?page_id=50"},"modified":"2024-07-31T14:55:43","modified_gmt":"2024-07-31T11:55:43","slug":"sukkari-hurmasi","status":"publish","type":"page","link":"https:\/\/simadates.com\/index.php\/sukkari-hurmasi\/","title":{"rendered":"Sukkari Hurmas\u0131"},"content":{"rendered":"\n<div class=\"wp-block-columns alignwide is-layout-flex wp-container-core-columns-is-layout-28f84493 wp-block-columns-is-layout-flex\">\n<div class=\"wp-block-column is-layout-flow wp-block-column-is-layout-flow\">\n<figure class=\"wp-block-image size-full is-resized\"><img loading=\"lazy\" decoding=\"async\" width=\"2048\" height=\"1536\" src=\"https:\/\/simadates.com\/wp-content\/uploads\/2024\/07\/d31aa2e2-155f-4e1d-a299-8752493894ba-3.jpg\" alt=\"\" class=\"wp-image-55\" style=\"aspect-ratio:1;object-fit:cover;width:523px;height:auto\" srcset=\"https:\/\/simadates.com\/wp-content\/uploads\/2024\/07\/d31aa2e2-155f-4e1d-a299-8752493894ba-3.jpg 2048w, https:\/\/simadates.com\/wp-content\/uploads\/2024\/07\/d31aa2e2-155f-4e1d-a299-8752493894ba-3-300x225.jpg 300w, https:\/\/simadates.com\/wp-content\/uploads\/2024\/07\/d31aa2e2-155f-4e1d-a299-8752493894ba-3-1024x768.jpg 1024w, https:\/\/simadates.com\/wp-content\/uploads\/2024\/07\/d31aa2e2-155f-4e1d-a299-8752493894ba-3-768x576.jpg 768w, https:\/\/simadates.com\/wp-content\/uploads\/2024\/07\/d31aa2e2-155f-4e1d-a299-8752493894ba-3-1536x1152.jpg 1536w\" sizes=\"auto, (max-width: 2048px) 100vw, 2048px\" \/><\/figure>\n<\/div>\n\n\n\n<div class=\"wp-block-column is-vertically-aligned-top is-layout-flow wp-block-column-is-layout-flow\">\n<h2 class=\"wp-block-heading\">Sukkari Hurmas\u0131<\/h2>\n\n\n\n<p><strong>Sukkari hurmas\u0131<\/strong>, <strong>Suudi Arabistan&#8217;\u0131n en sevilen ve en \u00e7ok tercih<\/strong> edilen hurma \u00e7e\u015fitlerinden biridir. <strong>Kendine \u00f6zg\u00fc tatl\u0131l\u0131\u011f\u0131 ve yumu\u015fak dokusuyla<\/strong> bilinen sukkari hurmas\u0131,<strong> alt\u0131n sar\u0131s\u0131 rengi <\/strong>ve<strong> yo\u011fun aromas\u0131yla<\/strong> dikkat \u00e7eker.<\/p>\n\n\n\n<p>Bu hurma \u00e7e\u015fidi, do\u011fal olarak <strong>y\u00fcksek \u015feker<\/strong> i\u00e7eri\u011fi sayesinde <strong>tatl\u0131 krizlerinizi sa\u011fl\u0131kl\u0131 bir \u015fekilde gidermenize yard\u0131mc\u0131 olur<\/strong>. Ayr\u0131ca, <strong>lif, vitamin ve mineral bak\u0131m\u0131ndan zengin <\/strong>olan sukkari hurmas\u0131, <strong>sindirim sisteminizi destekler<\/strong> ve <strong>enerji seviyenizi<\/strong> art\u0131r\u0131r.<\/p>\n\n\n\n<p>Sukkari hurmas\u0131n\u0131 <strong>kahvalt\u0131lar\u0131n\u0131zda, at\u0131\u015ft\u0131rmal\u0131k olarak<\/strong> veya <strong>\u00f6zel g\u00fcnlerinizde misafirlerinize ikram edebilirsiniz<\/strong>. Her lokmada <strong>do\u011fall\u0131\u011f\u0131n <\/strong>ve<strong> lezzetin tad\u0131n\u0131 \u00e7\u0131kar\u0131n!<\/strong><\/p>\n<\/div>\n<\/div>\n\n\n\n<h2 class=\"wp-block-heading alignwide has-text-align-center\">\u201cLezzetin ve Sa\u011fl\u0131\u011f\u0131n Bulu\u015fma Noktas\u0131: En Kaliteli Hurmalara Ula\u015fman\u0131n Adresi SimaDates\u201d<\/h2>\n\n\n\n<div class=\"wp-block-columns alignwide is-layout-flex wp-container-core-columns-is-layout-28f84493 wp-block-columns-is-layout-flex\">\n<div class=\"wp-block-column is-layout-flow wp-block-column-is-layout-flow\">\n<figure class=\"wp-block-image size-large\"><img loading=\"lazy\" decoding=\"async\" width=\"1024\" height=\"768\" src=\"https:\/\/simadates.com\/wp-content\/uploads\/2024\/07\/9701aa1c-726d-4dd0-9fb0-de1f100afd27-1-1024x768.jpg\" alt=\"\" class=\"wp-image-60\" srcset=\"https:\/\/simadates.com\/wp-content\/uploads\/2024\/07\/9701aa1c-726d-4dd0-9fb0-de1f100afd27-1-1024x768.jpg 1024w, https:\/\/simadates.com\/wp-content\/uploads\/2024\/07\/9701aa1c-726d-4dd0-9fb0-de1f100afd27-1-300x225.jpg 300w, https:\/\/simadates.com\/wp-content\/uploads\/2024\/07\/9701aa1c-726d-4dd0-9fb0-de1f100afd27-1-768x576.jpg 768w, https:\/\/simadates.com\/wp-content\/uploads\/2024\/07\/9701aa1c-726d-4dd0-9fb0-de1f100afd27-1-1536x1152.jpg 1536w, https:\/\/simadates.com\/wp-content\/uploads\/2024\/07\/9701aa1c-726d-4dd0-9fb0-de1f100afd27-1.jpg 1600w\" sizes=\"auto, (max-width: 1024px) 100vw, 1024px\" \/><\/figure>\n\n\n\n<h3 class=\"wp-block-heading has-text-align-center\"><a href=\"https:\/\/simadates.com\/index.php\/mebrum-hurmasi\/\" data-type=\"page\" data-id=\"71\">Mebrum Hurmas\u0131<\/a><\/h3>\n<\/div>\n\n\n\n<div class=\"wp-block-column is-layout-flow wp-block-column-is-layout-flow\">\n<figure class=\"wp-block-image size-large\"><img loading=\"lazy\" decoding=\"async\" width=\"1024\" height=\"768\" src=\"https:\/\/simadates.com\/wp-content\/uploads\/2024\/07\/977ae6f4-3849-4d11-a0bf-1bb1497de388-1024x768.jpg\" alt=\"\" class=\"wp-image-61\" srcset=\"https:\/\/simadates.com\/wp-content\/uploads\/2024\/07\/977ae6f4-3849-4d11-a0bf-1bb1497de388-1024x768.jpg 1024w, https:\/\/simadates.com\/wp-content\/uploads\/2024\/07\/977ae6f4-3849-4d11-a0bf-1bb1497de388-300x225.jpg 300w, https:\/\/simadates.com\/wp-content\/uploads\/2024\/07\/977ae6f4-3849-4d11-a0bf-1bb1497de388-768x576.jpg 768w, https:\/\/simadates.com\/wp-content\/uploads\/2024\/07\/977ae6f4-3849-4d11-a0bf-1bb1497de388-1536x1152.jpg 1536w, https:\/\/simadates.com\/wp-content\/uploads\/2024\/07\/977ae6f4-3849-4d11-a0bf-1bb1497de388.jpg 2000w\" sizes=\"auto, (max-width: 1024px) 100vw, 1024px\" \/><\/figure>\n\n\n\n<h3 class=\"wp-block-heading has-text-align-center\"><a href=\"https:\/\/simadates.com\/index.php\/kudus-hurmasi\/\" data-type=\"page\" data-id=\"70\">Kud\u00fcs Hurmas\u0131<\/a><\/h3>\n<\/div>\n\n\n\n<div class=\"wp-block-column is-vertically-aligned-center is-layout-flow wp-block-column-is-layout-flow\">\n<figure class=\"wp-block-image size-large\"><img loading=\"lazy\" decoding=\"async\" width=\"1024\" height=\"687\" src=\"https:\/\/simadates.com\/wp-content\/uploads\/2024\/07\/eeb2f64a-dde0-47d6-88d3-093b2ad95319-4-1024x687.jpg\" alt=\"\" class=\"wp-image-91\" srcset=\"https:\/\/simadates.com\/wp-content\/uploads\/2024\/07\/eeb2f64a-dde0-47d6-88d3-093b2ad95319-4-1024x687.jpg 1024w, https:\/\/simadates.com\/wp-content\/uploads\/2024\/07\/eeb2f64a-dde0-47d6-88d3-093b2ad95319-4-300x201.jpg 300w, https:\/\/simadates.com\/wp-content\/uploads\/2024\/07\/eeb2f64a-dde0-47d6-88d3-093b2ad95319-4-768x515.jpg 768w, https:\/\/simadates.com\/wp-content\/uploads\/2024\/07\/eeb2f64a-dde0-47d6-88d3-093b2ad95319-4-1536x1030.jpg 1536w, https:\/\/simadates.com\/wp-content\/uploads\/2024\/07\/eeb2f64a-dde0-47d6-88d3-093b2ad95319-4.jpg 1832w\" sizes=\"auto, (max-width: 1024px) 100vw, 1024px\" \/><\/figure>\n\n\n\n<h3 class=\"wp-block-heading has-text-align-center\"><a href=\"https:\/\/simadates.com\/index.php\/hurma-kahvesi\/\" data-type=\"page\" data-id=\"68\">Hurma Kahvesi<\/a><\/h3>\n<\/div>\n<\/div>\n\n\n\n<p><\/p>\n","protected":false},"excerpt":{"rendered":"<p>Sukkari Hurmas\u0131 Sukkari hurmas\u0131, Suudi Arabistan&#8217;\u0131n en sevilen ve en \u00e7ok tercih edilen hurma \u00e7e\u015fitlerinden biridir. Kendine \u00f6zg\u00fc tatl\u0131l\u0131\u011f\u0131 ve yumu\u015fak dokusuyla bilinen sukkari hurmas\u0131, alt\u0131n sar\u0131s\u0131 rengi ve yo\u011fun aromas\u0131yla dikkat \u00e7eker. Bu hurma \u00e7e\u015fidi, do\u011fal olarak y\u00fcksek \u015feker i\u00e7eri\u011fi sayesinde tatl\u0131 krizlerinizi sa\u011fl\u0131kl\u0131 bir \u015fekilde gidermenize yard\u0131mc\u0131 olur. Ayr\u0131ca, lif, vitamin ve mineral [&hellip;]<\/p>\n","protected":false},"author":1,"featured_media":0,"parent":0,"menu_order":0,"comment_status":"closed","ping_status":"closed","template":"","meta":{"_joinchat":[],"footnotes":""},"class_list":["post-50","page","type-page","status-publish","hentry"],"_links":{"self":[{"href":"https:\/\/simadates.com\/index.php\/wp-json\/wp\/v2\/pages\/50","targetHints":{"allow":["GET"]}}],"collection":[{"href":"https:\/\/simadates.com\/index.php\/wp-json\/wp\/v2\/pages"}],"about":[{"href":"https:\/\/simadates.com\/index.php\/wp-json\/wp\/v2\/types\/page"}],"author":[{"embeddable":true,"href":"https:\/\/simadates.com\/index.php\/wp-json\/wp\/v2\/users\/1"}],"replies":[{"embeddable":true,"href":"https:\/\/simadates.com\/index.php\/wp-json\/wp\/v2\/comments?post=50"}],"version-history":[{"count":14,"href":"https:\/\/simadates.com\/index.php\/wp-json\/wp\/v2\/pages\/50\/revisions"}],"predecessor-version":[{"id":111,"href":"https:\/\/simadates.com\/index.php\/wp-json\/wp\/v2\/pages\/50\/revisions\/111"}],"wp:attachment":[{"href":"https:\/\/simadates.com\/index.php\/wp-json\/wp\/v2\/media?parent=50"}],"curies":[{"name":"wp","href":"https:\/\/api.w.org\/{rel}","templated":true}]}}